{"id":422,"date":"2024-04-22T15:07:25","date_gmt":"2024-04-22T15:07:25","guid":{"rendered":"https:\/\/www.inia.gob.pe\/consultapublicavirtual\/?page_id=422"},"modified":"2024-04-22T15:17:17","modified_gmt":"2024-04-22T15:17:17","slug":"sistema-de-gestion-ambiental-y-social","status":"publish","type":"page","link":"https:\/\/www.inia.gob.pe\/consultapublicavirtual\/sistema-de-gestion-ambiental-y-social\/","title":{"rendered":"Sistema de Gesti\u00f3n Ambiental y Social"},"content":{"rendered":"\n<p><strong>Mejoramiento de la red de servicios de Innovaci\u00f3n, Transferencia tecnol\u00f3gica y Extensi\u00f3n agraria en seis Estaciones Experimentales Agrarias del INIA<\/strong><\/p>\n\n\n\n<div style=\"height:50px\" aria-hidden=\"true\" class=\"wp-block-spacer\"><\/div>\n\n\n\n<p>El Sistema de Gesti\u00f3n Ambiental y Social del Proyecto de Mejoramiento de la Red de Servicios de Innovaci\u00f3n, Transferencia Tecnol\u00f3gica y Extensi\u00f3n Tecnol\u00f3gica Agraria en las Seis Estaciones Experimentales Agrarias del INIA (PE-L1270) est\u00e1 alineado a la Norma de Desempe\u00f1o Ambiental 1: Evaluaci\u00f3n y Gesti\u00f3n de los Riesgos e Impactos Ambientales y Sociales, el cual destaca la importancia de gestionar el desempe\u00f1o ambiental y social de un proyecto, implementando un SGAS que sea acorde con la naturaleza, escala y al nivel de riesgos e impactos ambientales y sociales del proyecto.<br>El SGAS debe incluir los siguientes elementos: i) marco ambiental y social espec\u00edfico de acuerdo al Proyecto; ii) identificaci\u00f3n de riesgos e impactos ambientales y sociales; iii) sistemas de gesti\u00f3n; iv) capacidad y competencia organizacional; v) preparaci\u00f3n y respuesta ante situaciones de emergencia; vi) participaci\u00f3n de las partes interesadas y (viii) seguimiento y evaluaci\u00f3n.<\/p>\n\n\n\n<div style=\"height:50px\" aria-hidden=\"true\" class=\"wp-block-spacer\"><\/div>\n\n\n\n<div class=\"wp-block-buttons is-content-justification-center is-layout-flex wp-container-1\">\n<div class=\"wp-block-button\"><a class=\"wp-block-button__link has-background has-text-align-center wp-element-button\" href=\"https:\/\/www.inia.gob.pe\/consultapublicavirtual\/wp-content\/uploads\/2024\/04\/SGAS-04.04.24-V2.pdf\" style=\"background:linear-gradient(20deg,rgb(127,202,5) 0%,rgb(5,120,20) 100%)\" target=\"_blank\" rel=\"noreferrer noopener\">Descargar<\/a><\/div>\n<\/div>\n\n\n\n<p><\/p>\n","protected":false},"excerpt":{"rendered":"<p>Mejoramiento de la red de servicios de Innovaci\u00f3n, Transferencia tecnol\u00f3gica y Extensi\u00f3n agraria en seis Estaciones Experimentales Agrarias del INIA El Sistema de Gesti\u00f3n Ambiental y Social del Proyecto de Mejoramiento de la Red de Servicios de Innovaci\u00f3n, Transferencia Tecnol\u00f3gica y Extensi\u00f3n Tecnol\u00f3gica Agraria en las Seis Estaciones Experimentales Agrarias [&hellip;]<\/p>\n","protected":false},"author":2,"featured_media":0,"parent":0,"menu_order":0,"comment_status":"closed","ping_status":"closed","template":"","meta":[],"_links":{"self":[{"href":"https:\/\/www.inia.gob.pe\/consultapublicavirtual\/wp-json\/wp\/v2\/pages\/422"}],"collection":[{"href":"https:\/\/www.inia.gob.pe\/consultapublicavirtual\/wp-json\/wp\/v2\/pages"}],"about":[{"href":"https:\/\/www.inia.gob.pe\/consultapublicavirtual\/wp-json\/wp\/v2\/types\/page"}],"author":[{"embeddable":true,"href":"https:\/\/www.inia.gob.pe\/consultapublicavirtual\/wp-json\/wp\/v2\/users\/2"}],"replies":[{"embeddable":true,"href":"https:\/\/www.inia.gob.pe\/consultapublicavirtual\/wp-json\/wp\/v2\/comments?post=422"}],"version-history":[{"count":3,"href":"https:\/\/www.inia.gob.pe\/consultapublicavirtual\/wp-json\/wp\/v2\/pages\/422\/revisions"}],"predecessor-version":[{"id":434,"href":"https:\/\/www.inia.gob.pe\/consultapublicavirtual\/wp-json\/wp\/v2\/pages\/422\/revisions\/434"}],"wp:attachment":[{"href":"https:\/\/www.inia.gob.pe\/consultapublicavirtual\/wp-json\/wp\/v2\/media?parent=422"}],"curies":[{"name":"wp","href":"https:\/\/api.w.org\/{rel}","templated":true}]}}